{"id":12,"date":"2015-05-25T12:44:17","date_gmt":"2015-05-25T10:44:17","guid":{"rendered":"http:\/\/www.velemir-sorger.de\/wordpress\/?page_id=12"},"modified":"2016-02-05T23:20:33","modified_gmt":"2016-02-05T22:20:33","slug":"ueber-uns","status":"publish","type":"page","link":"https:\/\/velemir-sorger.de\/wordpress\/ueber-uns\/","title":{"rendered":"\u00dcber uns"},"content":{"rendered":"<p>[et_pb_section admin_label=&#8220;section&#8220; fullwidth=&#8220;on&#8220; specialty=&#8220;off&#8220; inner_shadow=&#8220;off&#8220; parallax=&#8220;off&#8220; background_color=&#8220;#005000&#8243; transparent_background=&#8220;off&#8220; allow_player_pause=&#8220;off&#8220; parallax_method=&#8220;off&#8220; padding_mobile=&#8220;off&#8220; make_fullwidth=&#8220;off&#8220; use_custom_width=&#8220;off&#8220; width_unit=&#8220;on&#8220; make_equal=&#8220;off&#8220; use_custom_gutter=&#8220;off&#8220; gutter_width=&#8220;3&#8243;][et_pb_fullwidth_header admin_label=&#8220;Fullwidth Header&#8220; title=&#8220;\u00dcber uns&#8220; subhead=&#8220;Arbeitsweise und Grunds\u00e4tze&#8220; background_layout=&#8220;dark&#8220; text_orientation=&#8220;left&#8220; header_fullscreen=&#8220;off&#8220; header_scroll_down=&#8220;off&#8220; background_url=&#8220;https:\/\/velemir-sorger.de\/wordpress\/wp-content\/uploads\/2016\/02\/Insel_WP.jpg&#8220; parallax=&#8220;off&#8220; parallax_method=&#8220;off&#8220; content_orientation=&#8220;center&#8220; image_orientation=&#8220;center&#8220; subhead_font_size=&#8220;20px&#8220; custom_button_one=&#8220;off&#8220; button_one_text_size=&#8220;20&#8243; button_one_border_width=&#8220;2&#8243; button_one_border_radius=&#8220;3&#8243; button_one_letter_spacing=&#8220;0&#8243; button_one_use_icon=&#8220;default&#8220; button_one_icon_placement=&#8220;right&#8220; button_one_on_hover=&#8220;on&#8220; button_one_border_radius_hover=&#8220;3&#8243; button_one_letter_spacing_hover=&#8220;0&#8243; custom_button_two=&#8220;off&#8220; button_two_text_size=&#8220;20&#8243; button_two_border_width=&#8220;2&#8243; button_two_border_radius=&#8220;3&#8243; button_two_letter_spacing=&#8220;0&#8243; button_two_use_icon=&#8220;default&#8220; button_two_icon_placement=&#8220;right&#8220; button_two_on_hover=&#8220;on&#8220; button_two_border_radius_hover=&#8220;3&#8243; button_two_letter_spacing_hover=&#8220;0&#8243;] [\/et_pb_fullwidth_header][\/et_pb_section][et_pb_section admin_label=&#8220;section&#8220; transparent_background=&#8220;off&#8220; allow_player_pause=&#8220;off&#8220; inner_shadow=&#8220;off&#8220; parallax=&#8220;off&#8220; parallax_method=&#8220;off&#8220; padding_mobile=&#8220;off&#8220; make_fullwidth=&#8220;off&#8220; use_custom_width=&#8220;off&#8220; width_unit=&#8220;on&#8220; make_equal=&#8220;off&#8220; use_custom_gutter=&#8220;off&#8220; gutter_width=&#8220;3&#8243;][et_pb_row admin_label=&#8220;row&#8220; make_fullwidth=&#8220;off&#8220; use_custom_width=&#8220;off&#8220; width_unit=&#8220;on&#8220; use_custom_gutter=&#8220;off&#8220; gutter_width=&#8220;3&#8243; padding_mobile=&#8220;off&#8220; allow_player_pause=&#8220;off&#8220; parallax=&#8220;off&#8220; parallax_method=&#8220;off&#8220; make_equal=&#8220;off&#8220; parallax_1=&#8220;off&#8220; parallax_method_1=&#8220;off&#8220; column_padding_mobile=&#8220;on&#8220;][et_pb_column type=&#8220;4_4&#8243;][et_pb_text admin_label=&#8220;SE&#8220; background_layout=&#8220;light&#8220; text_orientation=&#8220;left&#8220; text_font_size=&#8220;14&#8243; use_border_color=&#8220;off&#8220; border_color=&#8220;#ffffff&#8220; border_style=&#8220;solid&#8220;]<\/p>\n<h2>F\u00e4higkeiten entdecken und entwickeln &#8211; die Systemenergetik<\/h2>\n<p>So wie sich in der Farbenlehre die Vielzahl der vorkommenden Farbschattierungen aus drei Grundfarben ergeben, so lassen sich alle Verhaltensweisen des Menschen auf sechs Grundf\u00e4higkeiten zur\u00fcckf\u00fchren. Ein symptomhaftes Verhalten ist die letzte M\u00f6glichkeit eines Menschen, die dahinter liegende Grundf\u00e4higkeit noch zu leben.<\/p>\n<p>Die Systemenergetik ist ein Konzept zum Erkennen von F\u00e4higkeiten und Potenzialen in ihren unterschiedlichen Erscheinungsformen. Sie wurde von dem Neurowissenschaftler Dr. Heinz Strau\u00df am Lehr- und Forschungsinstitut f\u00fcr Systemische Studien in M\u00fcnchen entwickelt. Die Ausbildungen und Lehrg\u00e4nge am LFI werden \u00fcberwiegend in Kooperation mit der Stiftungsfachhochschule M\u00fcnchen angeboten und zertifiziert.<\/p>\n<p>Die Systemenergetik bietet dem Coach und Therapeuten wirkungsvolle Anhaltspunkte zur Entfaltung und Festigung von F\u00e4higkeiten in neuen Varianten und passend zum jeweiligen individuellen Kontext.<\/p>\n<p>Vor allem in den Bereichen Supervision und Coaching arbeitet unser Kernteam mit dem Konzept der Systemenergetik. Unsere eigene Arbeit wird am LFI supervidiert.<\/p>\n<p>[\/et_pb_text][\/et_pb_column][\/et_pb_row][et_pb_row admin_label=&#8220;row&#8220;][et_pb_column type=&#8220;1_2&#8243;][et_pb_text admin_label=&#8220;Vertraulichkeit&#8220; background_layout=&#8220;light&#8220; text_orientation=&#8220;left&#8220; text_font_size=&#8220;14&#8243; use_border_color=&#8220;off&#8220; border_color=&#8220;#ffffff&#8220; border_style=&#8220;solid&#8220;]<\/p>\n<h3>Vertraulichkeit<\/h3>\n<p>Schutz und Sicherheit der Klienten haben Vorrang.<\/p>\n<p>Das bedeutet, dass auch ein Unternehmen als Auftraggeber keinen Anspruch darauf hat, \u00fcber die Inhalte eines Coachings eines Mitarbeiters unterrichtet zu werden. Die Ziele des Coachings hingegen k\u00f6nnen ggf. gemeinsam definiert werden.<\/p>\n<p>[\/et_pb_text][\/et_pb_column][et_pb_column type=&#8220;1_2&#8243;][et_pb_text admin_label=&#8220;Kontakt&#8220; background_layout=&#8220;light&#8220; text_orientation=&#8220;left&#8220; text_font_size=&#8220;14&#8243; use_border_color=&#8220;off&#8220; border_color=&#8220;#ffffff&#8220; border_style=&#8220;solid&#8220;]<\/p>\n<h3>Es geht um Kontakt<\/h3>\n<p>Die F\u00e4higkeit \u201eangemessen in Kontakt zu treten\u201c ist dabei,\u00a0\u00a0sich zu einer zentralen Herausforderung zu entwickeln. Wir meinen damit nicht \u201ein Kontakt sein\u201c, sondern passend zu Situation und Kontext zu denken, wahrzunehmen und zu handeln. Dann entstehen Authenzit\u00e4t und Sicherheit in der Kommunikation &#8211; jenseits jeglicher Kommunikationstechniken oder -strategien.<\/p>\n<p>[\/et_pb_text][\/et_pb_column][\/et_pb_row][et_pb_row admin_label=&#8220;row&#8220;][et_pb_column type=&#8220;1_3&#8243;][et_pb_text admin_label=&#8220;2:2&#8243; background_layout=&#8220;light&#8220; text_orientation=&#8220;left&#8220; text_font_size=&#8220;14&#8243; use_border_color=&#8220;off&#8220; border_color=&#8220;#ffffff&#8220; border_style=&#8220;solid&#8220;]<\/p>\n<h3>2 : 2<\/h3>\n<p>in der Paarberatung haben sich eine Reihe von Settings etabliert.<\/p>\n<p>Wir bevorzugen die Arbeit zu viert &#8211; zwei Berater unterst\u00fctzen das Paar. Das er\u00f6ffnet allen\u00a0Beteiligten viele M\u00f6glichkeiten des Lernens und Erkennens. Die Arbeit ist intensiv, aber umso nachhaltiger. Der Turnus der Sitzungen wird individuell und abh\u00e4ngig von der aktuellen Situation gemeinsam definiert.<\/p>\n<p>[\/et_pb_text][\/et_pb_column][et_pb_column type=&#8220;1_3&#8243;][et_pb_text admin_label=&#8220;\u2640 \u2642&#8220; background_layout=&#8220;light&#8220; text_orientation=&#8220;left&#8220; text_font_size=&#8220;14&#8243; use_border_color=&#8220;off&#8220; border_color=&#8220;#ffffff&#8220; border_style=&#8220;solid&#8220;]<\/p>\n<h1>\u2640 \u00a0 \u2642<\/h1>\n<p>Wo immer es geht, werden wir Workshops und Seminare zu zweit &#8211; im Zusammenspiel von Frau und Mann leiten.<\/p>\n<p>Die Unterschiede im Denken und Wahrnehmen betrachten wir als wertvolle Bereicherung, die wir zum Nutzen der Teilnehmer einsetzen wollen.<\/p>\n<p>Nicht m\u00f6glich ist der Einsatz eines Beraterduos im Einzelcoaching und in der Supervision.<\/p>\n<p>[\/et_pb_text][\/et_pb_column][et_pb_column type=&#8220;1_3&#8243;][et_pb_text admin_label=&#8220;Rezepte&#8220; background_layout=&#8220;light&#8220; text_orientation=&#8220;left&#8220; text_font_size=&#8220;14&#8243; use_border_color=&#8220;off&#8220; border_color=&#8220;#ffffff&#8220; border_style=&#8220;solid&#8220;]<\/p>\n<h4>Sehnsucht nach Rezepten<\/h4>\n<p>Wahrscheinlich\u00a0hat jeder schon einmal erlebt, wie gut Rezepte funktionieren, z.B. beim Kochen. Vermutlich stammt daher auch der Wunsch, f\u00fcr viele schwierige Situationen das passende Vorgehen parat zu haben.<\/p>\n<p>Als Mensch mit individueller Geschichte und eigenen Reaktionen sollten Sie sich auf die Suche nach einem eigenst\u00e4ndigen Weg einlassen. Dabei wollen wir Sie gerne begleiten.<\/p>\n<p>[\/et_pb_text][\/et_pb_column][\/et_pb_row][\/et_pb_section]<\/p>\n<div class=\"twoclick_social_bookmarks_post_12 social_share_privacy clearfix 1.6.4 locale-de_DE sprite-de_DE\"><\/div><div class=\"twoclick-js\"><script type=\"text\/javascript\">\/* <![CDATA[ *\/\njQuery(document).ready(function($){if($('.twoclick_social_bookmarks_post_12')){$('.twoclick_social_bookmarks_post_12').socialSharePrivacy({\"services\":{\"facebook\":{\"status\":\"on\",\"txt_info\":\"2 Klicks f\\u00fcr mehr Datenschutz: Erst wenn Sie hier klicken, wird der Button aktiv und Sie k\\u00f6nnen Ihre Empfehlung an Facebook senden. Schon beim Aktivieren werden Daten an Dritte \\u00fcbertragen - siehe <em>i<\\\/em>.\",\"perma_option\":\"off\",\"action\":\"like\",\"language\":\"de_DE\"},\"twitter\":{\"reply_to\":\"\",\"tweet_text\":\"%C3%9Cber%20uns%20%C2%BB%20velemir-sorger.de\",\"status\":\"on\",\"txt_info\":\"2 Klicks f\\u00fcr mehr Datenschutz: Erst wenn Sie hier klicken, wird der Button aktiv und Sie k\\u00f6nnen Ihre Empfehlung an Twitter senden. Schon beim Aktivieren werden Daten an Dritte \\u00fcbertragen - siehe <em>i<\\\/em>.\",\"perma_option\":\"off\",\"language\":\"de\",\"referrer_track\":\"\"},\"gplus\":{\"status\":\"on\",\"txt_info\":\"2 Klicks f\\u00fcr mehr Datenschutz: Erst wenn Sie hier klicken, wird der Button aktiv und Sie k\\u00f6nnen Ihre Empfehlung an Google+ senden. Schon beim Aktivieren werden Daten an Dritte \\u00fcbertragen - siehe <em>i<\\\/em>.\",\"perma_option\":\"off\",\"referrer_track\":\"\"},\"xing\":{\"status\":\"on\",\"txt_info\":\"2 Klicks f\\u00fcr mehr Datenschutz: Erst wenn Sie hier klicken, wird der Button aktiv und Sie k\\u00f6nnen Ihre Empfehlung an Xing senden. Schon beim Aktivieren werden Daten an Dritte \\u00fcbertragen - siehe <em>i<\\\/em>.\",\"perma_option\":\"off\",\"language\":\"de\",\"referrer_track\":\"\"},\"pinterest\":{\"status\":\"on\",\"the_excerpt\":\"\\u00dcber uns\",\"txt_info\":\"2 Klicks f\\u00fcr mehr Datenschutz: Erst wenn Sie hier klicken, wird der Button aktiv und Sie k\\u00f6nnen Ihre Empfehlung an Pinterest senden. Schon beim Aktivieren werden Daten an Dritte \\u00fcbertragen - siehe <em>i<\\\/em>.\",\"perma_option\":\"off\",\"media\":\"https:\\\/\\\/velemir-sorger.de\\\/wordpress\\\/wp-content\\\/uploads\\\/2016\\\/04\\\/kreis_allein.jpg\"},\"linkedin\":{\"status\":\"on\",\"txt_info\":\"2 Klicks f\\u00fcr mehr Datenschutz: Erst wenn Sie hier klicken, wird der Button aktiv und Sie k\\u00f6nnen Ihre Empfehlung an LinkedIn senden. Schon beim Aktivieren werden Daten an Dritte \\u00fcbertragen - siehe <em>i<\\\/em>.\",\"perma_option\":\"off\"}},\"txt_help\":\"Wenn Sie diese Felder durch einen Klick aktivieren, werden Informationen an Facebook, Twitter, Flattr, Xing, t3n, LinkedIn, Pinterest oder Google eventuell ins Ausland \\u00fcbertragen und unter Umst\\u00e4nden auch dort gespeichert. N\\u00e4heres erfahren Sie durch einen Klick auf das <em>i<\\\/em>.\",\"settings_perma\":\"Dauerhaft aktivieren und Daten\\u00fcber-tragung zustimmen:\",\"info_link\":\"http:\\\/\\\/www.heise.de\\\/ct\\\/artikel\\\/2-Klicks-fuer-mehr-Datenschutz-1333879.html\",\"uri\":\"https:\\\/\\\/velemir-sorger.de\\\/wordpress\\\/ueber-uns\\\/\",\"post_id\":12,\"post_title_referrer_track\":\"%C3%9Cber+uns\",\"display_infobox\":\"on\"});}});\n\/* ]]> *\/<\/script><\/div>","protected":false},"excerpt":{"rendered":"<p>F\u00e4higkeiten entdecken und entwickeln &#8211; die Systemenergetik So wie sich in der Farbenlehre die Vielzahl der vorkommenden Farbschattierungen aus drei Grundfarben ergeben, so lassen sich alle Verhaltensweisen des Menschen auf sechs Grundf\u00e4higkeiten zur\u00fcckf\u00fchren. Ein symptomhaftes Verhalten ist die letzte M\u00f6glichkeit eines Menschen, die dahinter liegende Grundf\u00e4higkeit noch zu leben. Die Systemenergetik ist ein Konzept zum [&hellip;]<\/p>\n","protected":false},"author":5,"featured_media":0,"parent":0,"menu_order":0,"comment_status":"closed","ping_status":"closed","template":"","meta":{"_et_pb_use_builder":"on","_et_pb_old_content":"<p>Unsere besondere St\u00e4rke: Alle Kolleginnen und Kollegen unseres Teams verf\u00fcgen<\/p><p>\u00fcber ein Studium der Systemenergetik (<a href=\"https:\/\/velemir-sorger.de\/wordpress\/SE.html\">Coach und Mediator SE oder Systemtherapeut SE >>><\/a>).<\/p>","_et_gb_content_width":"","footnotes":""},"class_list":["post-12","page","type-page","status-publish","hentry"],"jetpack_sharing_enabled":true,"_links":{"self":[{"href":"https:\/\/velemir-sorger.de\/wordpress\/wp-json\/wp\/v2\/pages\/12","targetHints":{"allow":["GET"]}}],"collection":[{"href":"https:\/\/velemir-sorger.de\/wordpress\/wp-json\/wp\/v2\/pages"}],"about":[{"href":"https:\/\/velemir-sorger.de\/wordpress\/wp-json\/wp\/v2\/types\/page"}],"author":[{"embeddable":true,"href":"https:\/\/velemir-sorger.de\/wordpress\/wp-json\/wp\/v2\/users\/5"}],"replies":[{"embeddable":true,"href":"https:\/\/velemir-sorger.de\/wordpress\/wp-json\/wp\/v2\/comments?post=12"}],"version-history":[{"count":23,"href":"https:\/\/velemir-sorger.de\/wordpress\/wp-json\/wp\/v2\/pages\/12\/revisions"}],"predecessor-version":[{"id":848,"href":"https:\/\/velemir-sorger.de\/wordpress\/wp-json\/wp\/v2\/pages\/12\/revisions\/848"}],"wp:attachment":[{"href":"https:\/\/velemir-sorger.de\/wordpress\/wp-json\/wp\/v2\/media?parent=12"}],"curies":[{"name":"wp","href":"https:\/\/api.w.org\/{rel}","templated":true}]}}